m) = 35*m + 34. Determine i(t).
-1
Let l(c) = c**2 + 9*c + 9. Suppose 33 = -8*k + 3*k - 3*g, -k - 4*g = 27. Calculate l(k).
-9
Let s be (-4)/12 + 7/3. Let f(q) be the third derivative of -59*q**4/24 + 2*q**3/3 - 195*q**2. Let d(i) = 12*i - 1. Let t(x) = 11*d(x) + 2*f(x). Calculate t(s).
25
Suppose 13*b + 16 = 15*b. Suppose 4*s + 28 = b*s. Suppose 3*w + 5*a + 9 = s*w, -5*w + 3*a = -21. Let n(m) = -m**3 + 5*m**2 + 5*m - 1. Determine n(w).
-7
Let l(g) = -9 + 2 + 8 + 0 - g**2 + 2*g - 2 + 4*g**3. Let q(c) = c + 9. Let z be q(-8). Give l(z).
4
Let t(m) be the second derivative of -m**3/3 + 5*m**2/2 - m. Suppose -5*i = 7*a - 44, 8*a - 9*a - 2*i = -5. Give t(a).
-9
Let s(o) = 7*o**2 + 10*o + 1. Let q be s(-2). Let a be -321*(-3 - (-24)/q). Let b = 109 - a. Let h(v) = 3*v - 3. Give h(b).
3
Let c(p) = -142 - 163 - 3*p + 249 - p. What is c(-14)?
0
Let n(g) = -8*g - 7 - 18 + 6 - 6 - 5. Give n(-13).
74
Let m(o) be the second derivative of 0*o**3 - 1/2*o**2 + 9/20*o**5 - 22*o + 1/6*o**4 + 0. Calculate m(1).
10
Let f(a) = -13*a + 151. Let l = 4154 - 4142. What is f(l)?
-5
Let k(x) = -20*x**3 - 20*x**2 - 10*x + 32. Let v(w) = 17*w**3 + 16*w**2 + 9*w - 33. Let g(f) = 6*k(f) + 7*v(f). Give g(-9).
15
Let c(r) = 2*r**2 - 6*r + 2. Let f(i) be the third derivative of i**5/15 + i**4/24 + 2*i**3/3 - 2*i**2 - i. Let x be f(0). Give c(x).
10
Let q = -251 - -255. Let n(i) = -8 + 6 + 1 + 2*i - q*i. Determine n(-6).
11
Let y(o) = -o**3 - 61*o**2 - 65*o - 300. Let n be y(-60). Let c(l) = l - 2*l**2 + 3*l**2 - 2 - 2*l. What is c(n)?
-2
Let t = 10454 - 10468. Let g(c) = -8*c - 111. Determine g(t).
1
Let x(l) be the first derivative of l**4/4 + 7*l**3/3 - 7*l**2/2 + 4*l + 129. What is x(-7)?
53
Let q(s) = 7*s + 7. Let i(w) = w. Let z(u) = -2*i(u) + q(u). Let h = 294094 - 294100. What is z(h)?
-23
Let t(l) = -l**2 + 4. Let u be (0 - (-192)/30) + 6/10. Suppose u*p = 24*p - 425. Let o be (-20)/p*-5 + -4. Give t(o).
4
Suppose 4*z - 5*y = 2*z + 6, 3*z + 5 = 4*y. Let p(j) = -j**2 - 34 - 81 - 73 + 194 - 10*j. Calculate p(z).
27
Suppose 0 = 5*r + 5*h - 78695, 28*h - 23*h = 4*r - 63001. Let v(o) = 4*o - o**2 + r - 15736 + 0*o. Give v(6).
-4
Suppose 5*p = -2*f - 2*f - 2, 3*p = -3*f. Let i(v) = v**2 + v. Let h(m) = 2*m**3 + 5*m**2 + 2*m - 1. Let y(u) = -h(u) + 3*i(u). Calculate y(p).
7
Let h(g) = g**3 - 7*g**2 + 11*g - 8. Let z be (5 + -1 + (-7 - -7))*1. Give h(z).
-12
Let d(x) = -6*x + 6. Suppose 5*l - l = 20. Let h(m) = 258 - m + m - 133 + m - 126. Let r(b) = l*h(b) + d(b). Give r(2).
-1
Let i(k) be the third derivative of 11*k**4/12 - 4*k**3/3 + 163*k**2 + 1. Calculate i(-3).
-74
Suppose 0 = -8*p + 3*p - 2*z + 24, 4*p + 2*z = 20. Let l(m) = -5*m - 1 + 2*m**2 + m**2 - p*m**2 - 1. Let y = 210 - 216. Determine l(y).
-8
Let h(l) be the first derivative of -20 + 7/3*l**3 + 1/4*l**4 + 8*l - 1/2*l**2. Suppose -53 = 5*y - 18. Give h(y).
15
Let z(o) be the second derivative of 61*o**5/20 - o**3/6 + o**2/2 - 2585*o. Determine z(1).
61
Let n(d) be the first derivative of -2*d**2 + 5. Suppose 3*o + 2 = -3*k - 4, -2*o - 4*k - 10 = 0. Give n(o).
-4
Let d be (-3)/(-6)*-2 + 3. Let m(y) = y**3 + 7*y**d + 1 + 4 - 3*y**2 + 0*y**2 + 2*y. Give m(-5).
-30
Let v(i) = -i + 6. Let z(q) = -1. Let a(d) = -v(d) - 5*z(d). Let r(j) = 4*j + 12. Let s(n) = 3*a(n) - r(n). Give s(0).
-15
Suppose 5*z - 4*z = 2. Suppose -2*t - 3*a + 185 = z*t, 2*a = -t + 45. Let u(i) = -t*i + 3 + 5*i**2 + 39*i - i**3 + 2*i**2 + 2. Calculate u(6).
-7
Let z(k) be the third derivative of k**5/60 + 5*k**4/24 - 4*k**3/3 + 36*k**2. Suppose -3*d + 2*d = 0. Let i be 12*(-2)/(4 + d). Determine z(i).
-2
Suppose 7*o - 14 = -0*o. Let r(z) = -143*z**2 + 0*z + 1 - o*z - 8 + 142*z**2. Determine r(-5).
-22
Let k(a) = 15*a - 32*a + 2*a. Let p(r) = r**2 + 8*r + 5. Let z be p(-8). Suppose 5*h = -0 + z. What is k(h)?
-15
Suppose 0 = 8*h - 6*h + 2*h + 56. Let o(b) = b**3 + 12*b**2 - 26*b + 8. Give o(h).
-20
Let w be (-2*15)/(8/(-3 - 1)). Let m = 61 + -70. Let x = m + w. Let s(t) = -t**2 + 6*t + 7. Give s(x).
7
Let h(c) = 7*c + 7. Let p be h(-2). Let i(k) = -15 - 3*k**2 - 17 - 7*k + 3*k + 26 + 2*k**2. Determine i(p).
-27
Suppose 0*y + 5*y - 15 = 3*w, -y = -5*w - 25. Let u(s) = 3*s**3 - 8 - s + 1644*s**2 - 3320*s**2 - 4*s**3 + 1676*s**2 - 12. Determine u(y).
-20
Let v(a) be the second derivative of a**4/12 - 17*a**3/6 - 6*a**2 - 19*a + 144. Calculate v(12).
-72
Let a be -6 - ((-12)/(-14))/((-6)/84). Let b(h) = -3*h - 12. Calculate b(a).
-30
Let r(j) = 419*j**3 - 10*j**2 - 14*j - 4. Let x(d) = 70*d**3 + d - 1. Let i(k) = -r(k) + 6*x(k). Calculate i(-9).
-101
Let r(h) be the first derivative of -30*h + h**2 - 17 - 27*h + 73*h + 3. Determine r(-11).
-6
Let x(a) = a. Let n(u) = 13426 + 5*u - 13430 + 8*u. Let y(s) = -2*n(s) + 18*x(s). Determine y(6).
-40
Let z(h) = -4*h. Let o be 102/(-13) - (-12)/(-78). Let f(l) = -11*l. Let a(v) = o*z(v) + 3*f(v). Calculate a(-7).
7
Let q(j) = -j**2 - 9*j - 10. Let f be q(-8). Suppose -3*t + 2*u = 8 - 10, t - 3*u = -4. Let s(r) = 11 - 307*r**2 - 9 + 300*r**2 + t*r. Calculate s(f).
-30
Let u(w) = -12*w - 17. Let i(t) = 431*t - 8189. Let q be i(19). What is u(q)?
-17
Let x(s) be the third derivative of s**5/60 + s**4/12 + s**3/3 - 10*s**2. Let k be x(-3). Let t(i) = i**3 - 3 - 5*i**2 + 6 + 3 - k*i. Give t(6).
12
Let v(y) = 91*y - 607. Let m(o) = -402*o + 2428. Let b(i) = -2*m(i) - 9*v(i). Determine b(41).
-8
Let j(k) = -k**2 + k + 16. Let n be (16/14)/4*(-1295)/(-74). Give j(n).
-4
Let w(n) = -n**2 + 9*n - 5. Let s(x) = -x**3 + 7*x**2 + 9*x - 18. Let c be s(6). Suppose 25*j = c + 78. Calculate w(j).
13
Let h be (-21)/2*188/329. Let k(g) = 6*g + g - 6*g. What is k(h)?
-6
Let t(f) = -4*f**2 + 10*f + 12. Let h(l) = 11*l**2 - 29*l - 35. Let d(g) = -3*h(g) - 8*t(g). Let m = 16713 + -16705. What is d(m)?
1
Let c(d) = 1310 + 38*d - 4*d**2 - 48*d - 1320 + d**3. Give c(5).
-35
Let b(i) = -i + 1. Let m = -198 - -207. Let q(d) = 2*d - 2. Let h(z) = m*b(z) + 4*q(z). Give h(0).
1
Suppose -5 - 3 = 3*g - 14. Let a(n) be the second derivative of 3*n + 0 - 1/2*n**3 + 0*n**2 + 1/6*n**4. Give a(g).
2
Let w = 3909 + -3895. Let a(i) = -i**2 + 12*i. Calculate a(w).
-28
Let k(x) = 5*x**2 - x + 2 + 4*x - 4*x**2 - 1. Suppose i + i = 3*b - 9, -4*i = 0. Let u be (b/((-12)/(-32)) + -2)/(-2). Give k(u).
1
Suppose 0 = 84*c - 178 + 262. Let h(p) = 36*p**2 - p - 1. Determine h(c).
36
Let m(x) = 1577*x**2 - 3 - x + 2*x - 1599*x**2 - 2*x. Calculate m(-2).
-89
Let s(z) = 2*z**3 + 21*z**2 + 9*z - 8. Suppose 0 = -25*v + 24*v - 4*m - 22, -4*v + m - 37 = 0. Give s(v).
2
Let b(j) be the third derivative of j**4/2 - 2*j**3/3 + 5124*j**2. Determine b(0).
-4
Let y(l) = -4*l**3 - 7*l**2 - 11*l + 4. Let n(d) = 7*d**3 + 15*d**2 + 22*d - 7. Let f(v) = 3*n(v) + 5*y(v). Let s be (123 + -126)/(1/((-3)/(-1))). Give f(s).
-19
Let t(a) = 2*a**3 - 3*a**3 - 8*a**2 - 134*a + 7 + 143*a. Let p be (54/12)/((-7)/14). Determine t(p).
7
Let o(m) = m**2 + 36*m + 121. Let x be o(-32). Let f(p) = 12*p + 80. Give f(x).
-4
Let z(w) = 4*w + 31. Suppose -5*q + 5*x = 0, 0 = 2*q + 85*x - 84*x + 18. What is z(q)?
7
Let a(t) = -t**2 + 45*t - 423. Suppose 1059*s - 1033*s - 364 = 0. Determine a(s).
11
Let k(j) be the third derivative of -j**6/120 + 3*j**5/20 - j**4/4 - 19*j**3/6 + 2092*j**2. Determine k(8).
-3
Let o = 158 + -158. Suppose o = 3*j + v + 32, -4*j + 4*v = -0*v + 32. Let w(m) = 9*m - 2*m**3 + 11*m**2 + 1 + 3*m**3 - 13. What is w(j)?
-2
Suppose 4*t + 5*x = 28 - 20, -37 = -3*t + 4*x. Let z(g) = g**3 - 6*g**2 - g + 5. Calculate z(t).
47
Suppose -4*z - 32 = -12*z, 44 = -5*w + z. Let c(j) = -j**3 - 10*j**2 - 19*j - 10. What is c(w)?
14
Suppose 21*u - 24*u + 6 = 3*i, 0 = -3*u + 3*i + 30. Let f(v) = -v**2 + 2*v + 32. Give f(u).
8
Let j(i) = -i**2 - 18*i - 70. Let t be j(-6). Let n(p) = -1 - p**3 - 570*p - 2*p**2 + 7*p**t + 1 + 564*p. Calculate n(4).
-8
Let l(k) be the first derivative of k**3/3 - 9*k**2/2 + 14*k - 2396. What is l(3)?
-4
Let j = -22 + 182. Let i = -163 + j. Let h(b) be the third derivative of b**6/120 + b**5/20 + b**3/6 - 14*b**2. Calculate h(i).
1
Let d(c) = -2*c**2 - 10*c - 1. Let u be ((-15)/2)/((-60)/72). Let j be 141/(-21) - u/((-315)/(-10)). Determine d(j).
-29
Suppose -5*f - 25 = -2*g, 7*g + 20 = -4*f + 8*g. Let p(i) = -10*i - 57. Calculate p(f).
-7
Let h(t) = 5*t - 3. L